{"id":2745,"date":"2017-12-06T12:19:34","date_gmt":"2017-12-06T15:19:34","guid":{"rendered":"http:\/\/www.encontrapiracicaba.com.br\/sobre\/?page_id=2745"},"modified":"2017-12-08T11:12:23","modified_gmt":"2017-12-08T14:12:23","slug":"shopping-piracicaba","status":"publish","type":"page","link":"https:\/\/www.encontrapiracicaba.com.br\/sobre\/shopping-piracicaba\/","title":{"rendered":"Shopping Piracicaba"},"content":{"rendered":"<div class=\"85df007ed5c0c4d4b453fd13a37855e8\" data-index=\"1\" style=\"float: none; margin:0px;\">\n<!-- Anuncio display - global -->\r\n<ins class=\"adsbygoogle\"\r\n     style=\"display:block\"\r\n     data-ad-client=\"ca-pub-8585364105181520\"\r\n     data-ad-slot=\"8789329856\"\r\n     data-ad-format=\"auto\"\r\n     data-full-width-responsive=\"true\"><\/ins>\r\n<script>\r\n     (adsbygoogle = window.adsbygoogle || []).push({});\r\n<\/script>\n<\/div>\n<p><span id=\"ctl00_SPWebPartManager1_g_0288036e_5184_4c52_a98c_d596950b4c72_lblDescComp\">Fundado em 1987 e atualmente administrado pela BRMALLS, o <strong>Shopping Piracicaba<\/strong> \u00e9 considerado o maior e mais completo centro de compras e entretenimento da regi\u00e3o.<\/span><\/p>\n<p><span id=\"ctl00_SPWebPartManager1_g_0288036e_5184_4c52_a98c_d596950b4c72_lblDescComp\">O Shopping Piracicaba possui uma ampla \u00e1rea de abrang\u00eancia, possuindo cerca de 30% do seu p\u00fablico oriundo de outras cidades, que juntas com Piracicaba somam mais de 1.600.000 habitantes.<\/span><\/p>\n<p><img loading=\"lazy\" decoding=\"async\" class=\"alignnone wp-image-2746 size-full\" title=\"Shopping Piracicaba\" src=\"https:\/\/www.encontrapiracicaba.com.br\/sobre\/wp-content\/uploads\/shopping-piracicaba.jpg\" alt=\"Shopping Piracicaba\" width=\"680\" height=\"189\" srcset=\"https:\/\/www.encontrapiracicaba.com.br\/sobre\/wp-content\/uploads\/shopping-piracicaba.jpg 680w, https:\/\/www.encontrapiracicaba.com.br\/sobre\/wp-content\/uploads\/shopping-piracicaba-300x83.jpg 300w\" sizes=\"auto, (max-width: 680px) 100vw, 680px\" \/><\/p>\n<h2>Cinema Shopping Piracicaba<\/h2>\n<p>O <a href=\"https:\/\/www.encontrapiracicaba.com.br\/sobre\/cine-araujo-piracicaba\/\"><em>Cine Ara\u00fajo Piracicaba<\/em><\/a> possui\u00a0 <span id=\"ctl00_SPWebPartManager1_g_0288036e_5184_4c52_a98c_d596950b4c72_lblDescComp\">7 salas com op\u00e7\u00e3o de filmes 3D, as \u00fanicas na cidade. Voc\u00ea pode consultar a programa\u00e7\u00e3o completa no site oficial do shopping.<\/span><\/p>\n<h3>Shopping Piracicaba Lojas<\/h3>\n<p><span id=\"ctl00_SPWebPartManager1_g_0288036e_5184_4c52_a98c_d596950b4c72_lblDescComp\"><em>O Shopping Piracicaba possui 255 lojas<\/em>, com marcas consagradas que comp\u00f5em um panorama completo de tend\u00eancias; moderna pra\u00e7a de alimenta\u00e7\u00e3o, com mais de 50 lojas; ambiente climatizado; amplo estacionamento com op\u00e7\u00e3o de vagas cobertas; op\u00e7\u00f5es de lazer e entretenimento para toda fam\u00edlia.<\/span><\/p>\n<p>S\u00e3o 18 lojas-\u00e2ncoras\/megalojas (Ri Happy, Renner, Riachuelo, C&amp;A, Lojas Americanas, Centauro, Kalunga, Outback, Marisa, Cinema, Pre\u00e7olandia, Fast Shop, Dicico, Tok Stok, Casas Bahia, Nobel, Ponto Frio, Marabraz)<em><br \/>\n<\/em><\/p>\n<h3>Shopping Piracicaba Pol\u00edcia Federal<\/h3>\n<p><span id=\"ctl00_SPWebPartManager1_g_0288036e_5184_4c52_a98c_d596950b4c72_lblDescComp\">O Shopping Piracicaba abriga a \u00fanica <span style=\"text-decoration: underline;\">sede da Pol\u00edcia Federal<\/span> para emiss\u00e3o de passaportes na regi\u00e3o. Para agendar a emiss\u00e3o do seu passaporte acesse o site da Pol\u00edcia Federal.<\/span><em><br \/>\n<\/em><\/p>\n<h3>Shopping Piracicaba Wifi<\/h3>\n<p>O Shopping Piracicaba, um dos maiores centros de compras do interior de S\u00e3o Paulo, traz uma novidade para seus frequentadores. Em parceria com a Linktel, o empreendimento passou a oferecer <em>acesso gratuito \u00e0 Internet<\/em> para os visitantes a partir de hotspots instalados nas suas depend\u00eancias.<\/p>\n<p>Dessa maneira, os visitantes do shopping podem acessar Internet de alta velocidade e realizar transmiss\u00e3o de v\u00eddeos e fotos a partir de uma conex\u00e3o facilitada em qualquer local do ambiente.<\/p>\n<p>A rede criada pela Linktel para shoppings possui o padr\u00e3o ABGN. O centro de compras est\u00e1 pronto para receber o servi\u00e7o NGH 2.0 passpoint, estabelecendo um novo paradigma no acesso m\u00f3vel \u00e0 Internet m\u00f3vel.<\/p>\n<h3>Hor\u00e1rio de Funcionamento Shopping Piracicaba<\/h3>\n<ul>\n<li>Segunda a S\u00e1bado das 10h \u00e0s 22h e Domingos das 11h \u00e0s 22h<\/li>\n<\/ul>\n<h3>Endere\u00e7o e Telefone Shopping Piracicaba<\/h3>\n<ul>\n<li><span class=\"_Xbe\">Av. Limeira, 722 &#8211; Arei\u00e3o, Piracicaba &#8211; SP, 13414-900<\/span><\/li>\n<li>Telefone: (19) 3403-3833<\/li>\n<\/ul>\n<h4>Outras informa\u00e7\u00f5es e site<\/h4>\n<ul>\n<li>Mais informa\u00e7\u00f5es:\u00a0<a href=\"http:\/\/www.shoppingpiracicaba.com.br\" target=\"_blank\" rel=\"noopener noreferrer\">www.shoppingpiracicaba.com.br<\/a><\/li>\n<li>E-mail: pi.recepcao@brmallsadm.com.br<\/li>\n<\/ul>\n<h4>Mapa de localiza\u00e7\u00e3o<\/h4>\n<a class=\"wp-colorbox-iframe\" href=\"https:\/\/www.google.com\/maps\/embed?pb=!1m14!1m8!1m3!1d14722.606192166382!2d-47.6497642!3d-22.704012!3m2!1i1024!2i768!4f13.1!3m3!1m2!1s0x00x14c46a0ee49c4bce!2sShopping+Piracicaba!5e0!3m2!1spt-BR!2sbr!4v1512573200896\"><img decoding=\"async\" src=\"http:\/\/www.encontrapiracicaba.com.br\/imgs\/maps-post.png\"><\/a>\n\n<div style=\"font-size: 0px; height: 0px; line-height: 0px; margin: 0; padding: 0; clear: both;\"><\/div>","protected":false},"excerpt":{"rendered":"<p>Fundado em 1987 e atualmente administrado pela BRMALLS, o Shopping Piracicaba \u00e9 considerado o maior e mais completo centro de compras e entretenimento da regi\u00e3o. O Shopping Piracicaba possui uma ampla \u00e1rea de abrang\u00eancia, possuindo cerca de 30% do seu p\u00fablico oriundo de outras cidades, que juntas com Piracicaba somam mais de 1.600.000 habitantes. Cinema Shopping Piracicaba O Cine Ara\u00fajo Piracicaba possui\u00a0 7 salas com op\u00e7\u00e3o de filmes 3D, as \u00fanicas na cidade. Voc\u00ea pode consultar a programa\u00e7\u00e3o completa no site oficial do shopping. Shopping Piracicaba Lojas O Shopping Piracicaba possui 255 lojas, com marcas consagradas que comp\u00f5em um panorama <\/p>\n","protected":false},"author":1,"featured_media":0,"parent":0,"menu_order":0,"comment_status":"closed","ping_status":"closed","template":"","meta":{"footnotes":""},"class_list":["post-2745","page","type-page","status-publish","hentry"],"aioseo_notices":[],"_links":{"self":[{"href":"https:\/\/www.encontrapiracicaba.com.br\/sobre\/wp-json\/wp\/v2\/pages\/2745","targetHints":{"allow":["GET"]}}],"collection":[{"href":"https:\/\/www.encontrapiracicaba.com.br\/sobre\/wp-json\/wp\/v2\/pages"}],"about":[{"href":"https:\/\/www.encontrapiracicaba.com.br\/sobre\/wp-json\/wp\/v2\/types\/page"}],"author":[{"embeddable":true,"href":"https:\/\/www.encontrapiracicaba.com.br\/sobre\/wp-json\/wp\/v2\/users\/1"}],"replies":[{"embeddable":true,"href":"https:\/\/www.encontrapiracicaba.com.br\/sobre\/wp-json\/wp\/v2\/comments?post=2745"}],"version-history":[{"count":0,"href":"https:\/\/www.encontrapiracicaba.com.br\/sobre\/wp-json\/wp\/v2\/pages\/2745\/revisions"}],"wp:attachment":[{"href":"https:\/\/www.encontrapiracicaba.com.br\/sobre\/wp-json\/wp\/v2\/media?parent=2745"}],"curies":[{"name":"wp","href":"https:\/\/api.w.org\/{rel}","templated":true}]}}