{"id":2783,"date":"2017-12-13T16:09:54","date_gmt":"2017-12-13T19:09:54","guid":{"rendered":"http:\/\/www.encontrapiracicaba.com.br\/sobre\/?page_id=2783"},"modified":"2019-12-07T04:40:22","modified_gmt":"2019-12-07T07:40:22","slug":"sesc-piracicaba","status":"publish","type":"page","link":"https:\/\/www.encontrapiracicaba.com.br\/sobre\/sesc-piracicaba\/","title":{"rendered":"Sesc Piracicaba"},"content":{"rendered":"<div class=\"85df007ed5c0c4d4b453fd13a37855e8\" data-index=\"1\" style=\"float: none; margin:0px;\">\n<!-- Anuncio display - global -->\r\n<ins class=\"adsbygoogle\"\r\n     style=\"display:block\"\r\n     data-ad-client=\"ca-pub-8585364105181520\"\r\n     data-ad-slot=\"8789329856\"\r\n     data-ad-format=\"auto\"\r\n     data-full-width-responsive=\"true\"><\/ins>\r\n<script>\r\n     (adsbygoogle = window.adsbygoogle || []).push({});\r\n<\/script>\n<\/div>\n<p>O<strong> Sesc Piracicaba<\/strong> foi inaugurado em 4 de dezembro de 2002, e possui setor de programa\u00e7\u00e3o e administra\u00e7\u00e3o e central de atendimento. O SESC (Servi\u00e7o Social do Com\u00e9rcio) \u00e9 uma institui\u00e7\u00e3o brasileira privada, mantida pelos empres\u00e1rios do com\u00e9rcio de bens, servi\u00e7os e turismo, com atua\u00e7\u00e3o em todo \u00e2mbito nacional, voltada para o bem-estar social dos seus empregados e familiares, por\u00e9m aberto \u00e0 comunidade em geral.<\/p>\n<p><img loading=\"lazy\" decoding=\"async\" class=\"alignnone size-full wp-image-2784\" src=\"https:\/\/www.encontrapiracicaba.com.br\/sobre\/wp-content\/uploads\/sesc-piracicaba.jpg\" alt=\"\" width=\"680\" height=\"189\" srcset=\"https:\/\/www.encontrapiracicaba.com.br\/sobre\/wp-content\/uploads\/sesc-piracicaba.jpg 680w, https:\/\/www.encontrapiracicaba.com.br\/sobre\/wp-content\/uploads\/sesc-piracicaba-300x83.jpg 300w\" sizes=\"auto, (max-width: 680px) 100vw, 680px\" \/><\/p>\n<h2>Sesc Piracicaba Programa\u00e7\u00e3o<\/h2>\n<p><em>O Sesc Piracicaba oferece uma programa\u00e7\u00e3o<\/em> <em>repleta de shows, pe\u00e7as de teatros, exposi\u00e7\u00f5es e eventos culturais<\/em>.\u00a0 Os usu\u00e1rios podem se cadastrar no site, conferir a programa\u00e7\u00e3o completa do Sesc Piracicaba, al\u00e9m de comprar ingressos e aproveitar o conte\u00fado do novo portal do SESC S\u00e3o Paulo.<\/p>\n<h3>Vagas Sesc Piracicaba \u2013 Trabalhe Conosco<\/h3>\n<p><span style=\"text-decoration: underline;\">Os processos de sele\u00e7\u00e3o do Sesc Piracicaba s\u00e3o divulgados em um portal de oportunidades<\/span>, sendo realizados de acordo com a Resolu\u00e7\u00e3o n\u00ba 1296\/2015 do Conselho Nacional do SESC, que estabelece normas de Processo Seletivo para a contrata\u00e7\u00e3o de empregados. Para trabalhar no Sesc Piracicaba acesse as oportunidades de trabalho, que s\u00e3o preenchidas mediante realiza\u00e7\u00e3o de processo seletivo.\u00a0\u00a0\u00a0<em><br \/>\n<\/em><\/p>\n<h3>SESC Piracicaba Piscina \u2013 Valor da Entrada<\/h3>\n<p><em>O acesso \u00e0 piscina do Sesc Piracicaba pode ser feita apenas por credenciados no Sesc.<\/em> As mudan\u00e7as no acesso t\u00eam como objetivo qualificar o atendimento do p\u00fablico priorit\u00e1rio. Para acesso a piscina o s\u00f3cio deve estar com seu exame dermatol\u00f3gico em dia.<em><br \/>\n<\/em><\/p>\n<h3>SESC Piracicaba \u2013 Como Fazer a Carteirinha<\/h3>\n<p>Em uma das unidades do Sesc ou na pr\u00f3pria empresa em que se trabalha. A Credencial Plena \u00e9 gratuita. Voc\u00ea pode contatar uma das unidades do Sesc atrav\u00e9s do Fale Conosco (no pr\u00f3prio site), e na mensagem informar o CNPJ da empresa que consta em seu contrato de trabalho, registrado na carteira profissional para saber se sua empresa \u00e9 contribuinte do Sesc.<\/p>\n<p><strong>Informa\u00e7\u00f5es T\u00e9cnicas<\/strong><\/p>\n<p><strong>Inaugura\u00e7\u00e3o:<\/strong> 30\/11\/1979<br \/>\n<strong>Arquiteto Respons\u00e1vel:<\/strong> Botti Rubin<br \/>\n<strong>\u00c1rea do Terreno:<\/strong> 15000 m\u00b2<br \/>\n<strong>\u00c1rea Constru\u00edda Total:<\/strong> 8000 m\u00b2<br \/>\n<strong>Caracter\u00edsticas:<\/strong> Edif\u00edcio composto por t\u00e9rreo e 4 pavimentos, e outro para o gin\u00e1sio<\/p>\n<h3>Hor\u00e1rio de Funcionamento Sesc em Piracicaba<\/h3>\n<ul>\n<li>Ter\u00e7a \u00e0 Sexta 13h \u00e0s 22h | S\u00e1bados, Domingos e Feriados das 9h15 \u00e0s 18h15<\/li>\n<\/ul>\n<h3>Endere\u00e7o e Telefone\u00a0Sesc em Piracicaba<\/h3>\n<ul>\n<li>R. Ipiranga, 155 &#8211; Centro, Piracicaba &#8211; SP, 13400-480<\/li>\n<li>Telefone: (19) 3437-9292<\/li>\n<\/ul>\n<h4>Outras informa\u00e7\u00f5es e site<\/h4>\n<ul>\n<li>Mais informa\u00e7\u00f5es:\u00a0<a href=\"https:\/\/www.sescsp.org.br\/unidades\/18_PIRACICABA\" target=\"_blank\" rel=\"noopener noreferrer\">www.sescsp.org.br<\/a><\/li>\n<li>E-mail: email@piracicaba.sescsp.org.br<\/li>\n<li>Facebook: <a href=\"https:\/\/www.facebook.com\/sescsp\" target=\"_blank\" rel=\"noopener noreferrer\">www.facebook.com\/sescsp<\/a><\/li>\n<\/ul>\n<h4>Mapa de localiza\u00e7\u00e3o<\/h4>\n<a class=\"wp-colorbox-iframe\" href=\"https:\/\/www.google.com\/maps\/embed?pb=!1m14!1m8!1m3!1d14720.140800773914!2d-47.656737!3d-22.726933!3m2!1i1024!2i768!4f13.1!3m3!1m2!1s0x00x1141a01aa94b8e5c!2sSesc+Piracicaba!5e0!3m2!1spt-BR!2sbr!4v1513190887561\"><img decoding=\"async\" src=\"http:\/\/www.encontrapiracicaba.com.br\/imgs\/maps-post.png\"><\/a>\n\n<div style=\"font-size: 0px; height: 0px; line-height: 0px; margin: 0; padding: 0; clear: both;\"><\/div>","protected":false},"excerpt":{"rendered":"<p>O Sesc Piracicaba foi inaugurado em 4 de dezembro de 2002, e possui setor de programa\u00e7\u00e3o e administra\u00e7\u00e3o e central de atendimento. O SESC (Servi\u00e7o Social do Com\u00e9rcio) \u00e9 uma institui\u00e7\u00e3o brasileira privada, mantida pelos empres\u00e1rios do com\u00e9rcio de bens, servi\u00e7os e turismo, com atua\u00e7\u00e3o em todo \u00e2mbito nacional, voltada para o bem-estar social dos seus empregados e familiares, por\u00e9m aberto \u00e0 comunidade em geral. Sesc Piracicaba Programa\u00e7\u00e3o O Sesc Piracicaba oferece uma programa\u00e7\u00e3o repleta de shows, pe\u00e7as de teatros, exposi\u00e7\u00f5es e eventos culturais.\u00a0 Os usu\u00e1rios podem se cadastrar no site, conferir a programa\u00e7\u00e3o completa do Sesc Piracicaba, al\u00e9m de <\/p>\n","protected":false},"author":1,"featured_media":0,"parent":0,"menu_order":0,"comment_status":"closed","ping_status":"closed","template":"","meta":{"footnotes":""},"class_list":["post-2783","page","type-page","status-publish","hentry"],"aioseo_notices":[],"_links":{"self":[{"href":"https:\/\/www.encontrapiracicaba.com.br\/sobre\/wp-json\/wp\/v2\/pages\/2783","targetHints":{"allow":["GET"]}}],"collection":[{"href":"https:\/\/www.encontrapiracicaba.com.br\/sobre\/wp-json\/wp\/v2\/pages"}],"about":[{"href":"https:\/\/www.encontrapiracicaba.com.br\/sobre\/wp-json\/wp\/v2\/types\/page"}],"author":[{"embeddable":true,"href":"https:\/\/www.encontrapiracicaba.com.br\/sobre\/wp-json\/wp\/v2\/users\/1"}],"replies":[{"embeddable":true,"href":"https:\/\/www.encontrapiracicaba.com.br\/sobre\/wp-json\/wp\/v2\/comments?post=2783"}],"version-history":[{"count":1,"href":"https:\/\/www.encontrapiracicaba.com.br\/sobre\/wp-json\/wp\/v2\/pages\/2783\/revisions"}],"predecessor-version":[{"id":3580,"href":"https:\/\/www.encontrapiracicaba.com.br\/sobre\/wp-json\/wp\/v2\/pages\/2783\/revisions\/3580"}],"wp:attachment":[{"href":"https:\/\/www.encontrapiracicaba.com.br\/sobre\/wp-json\/wp\/v2\/media?parent=2783"}],"curies":[{"name":"wp","href":"https:\/\/api.w.org\/{rel}","templated":true}]}}