{"id":2845,"date":"2018-02-14T12:20:11","date_gmt":"2018-02-14T15:20:11","guid":{"rendered":"http:\/\/www.encontrapiracicaba.com.br\/sobre\/?page_id=2845"},"modified":"2018-02-14T13:01:35","modified_gmt":"2018-02-14T16:01:35","slug":"semtre-piracicaba","status":"publish","type":"page","link":"https:\/\/www.encontrapiracicaba.com.br\/sobre\/semtre-piracicaba\/","title":{"rendered":"SEMTRE Piracicaba"},"content":{"rendered":"<div class=\"85df007ed5c0c4d4b453fd13a37855e8\" data-index=\"1\" style=\"float: none; margin:0px;\">\n<!-- Anuncio display - global -->\r\n<ins class=\"adsbygoogle\"\r\n     style=\"display:block\"\r\n     data-ad-client=\"ca-pub-8585364105181520\"\r\n     data-ad-slot=\"8789329856\"\r\n     data-ad-format=\"auto\"\r\n     data-full-width-responsive=\"true\"><\/ins>\r\n<script>\r\n     (adsbygoogle = window.adsbygoogle || []).push({});\r\n<\/script>\n<\/div>\n<p>A <strong>SEMTRE Piracicaba<\/strong> est\u00e1 criada pela Lei 05951 de 10\/04\/2007, tendo sua origem na proposta de Lei n\u00b0 002\/06 do Executivo Municipal. A cria\u00e7\u00e3o desta Secretaria prev\u00ea que esta venha a ser um instrumento de pol\u00edtica ativa de gera\u00e7\u00e3o de renda e de apoio ao trabalhador para diagnosticar a realidade da quest\u00e3o do emprego no munic\u00edpio, aplicar recursos e a\u00e7\u00f5es com maior margem de acerto, com propriedade e efici\u00eancia.<\/p>\n<p><span style=\"color: #ff0000;\"><img loading=\"lazy\" decoding=\"async\" class=\"alignnone wp-image-2847 size-full\" title=\"SEMTRE Piracicaba\" src=\"https:\/\/www.encontrapiracicaba.com.br\/sobre\/wp-content\/uploads\/semtre-piracicaba.gif\" alt=\"SEMTRE Piracicaba\" width=\"680\" height=\"189\" \/><\/span><\/p>\n<h2>Semtre Cat\u00a0Piracicaba\u00a0Empregos<\/h2>\n<p style=\"font-weight: 400;\">Diariamente diversas empresas cadastram suas vagas no <em>CAT<\/em> e\u00a0essas vagas s\u00e3o divulgadas:<\/p>\n<ol style=\"font-weight: 400;\">\n<li>No site da SEMTRE<\/li>\n<li>Painel interno localizado na Recep\u00e7\u00e3o do CAT<\/li>\n<li>Nas redes sociais<\/li>\n<li>M\u00eddias locais e regionais<\/li>\n<li>Em todos os CRAS de Piracicaba<\/li>\n<li>Outros meios de comunica\u00e7\u00e3o<\/li>\n<\/ol>\n<p>Para maiores informa\u00e7\u00f5es de como se candidatar \u00e0s vagas,\u00a0<a href=\"http:\/\/www.semtre.piracicaba.sp.gov.br\/cat\/73.html\">clique aqui<\/a>.<\/p>\n<h3>Hor\u00e1rio de Funcionamento\u00a0SEMTRE\u00a0em Piracicaba<\/h3>\n<ul>\n<li>Segunda a\u00a0Quinta das 08h \u00e0s 17h e Sexta das 08h \u00e0s 16h30<\/li>\n<\/ul>\n<h3>Endere\u00e7o e Telefone\u00a0SEMTRE\u00a0em Piracicaba<\/h3>\n<ul>\n<li>R. Monsenhor Manoel Francisco Rosa, 900 &#8211; Centro &#8211; Piracicaba &#8211; SP<\/li>\n<li>Telefone: (19)\u00a03437-2220<\/li>\n<\/ul>\n<h3>Outras informa\u00e7\u00f5es e site<\/h3>\n<ul>\n<li>Mais informa\u00e7\u00f5es:\u00a0<a href=\"http:\/\/www.semtre.piracicaba.sp.gov.br\/cat\/70.html\" target=\"_blank\" rel=\"noopener noreferrer\">www.semtre.piracicaba.sp.gov.br\/cat\/70.html<\/a><\/li>\n<\/ul>\n<h4>Mapa de localiza\u00e7\u00e3o<\/h4>\n<a class=\"wp-colorbox-iframe\" href=\"https:\/\/www.google.com\/maps\/embed?pb=!1m14!1m8!1m3!1d14720.796041015774!2d-47.6453711!3d-22.7208433!3m2!1i1024!2i768!4f13.1!3m3!1m2!1s0x00xd5bf12d46651eb2a!2sSecretaria+Municipal+do+Trabalho+e+Renda+-+SEMTRE!5e0!3m2!1spt-BR!2sbr!4v1518621571355\"><img decoding=\"async\" src=\"http:\/\/www.encontrapiracicaba.com.br\/imgs\/maps-post.png\"><\/a>\n\n<div style=\"font-size: 0px; height: 0px; line-height: 0px; margin: 0; padding: 0; clear: both;\"><\/div>","protected":false},"excerpt":{"rendered":"<p>A SEMTRE Piracicaba est\u00e1 criada pela Lei 05951 de 10\/04\/2007, tendo sua origem na proposta de Lei n\u00b0 002\/06 do Executivo Municipal. A cria\u00e7\u00e3o desta Secretaria prev\u00ea que esta venha a ser um instrumento de pol\u00edtica ativa de gera\u00e7\u00e3o de renda e de apoio ao trabalhador para diagnosticar a realidade da quest\u00e3o do emprego no munic\u00edpio, aplicar recursos e a\u00e7\u00f5es com maior margem de acerto, com propriedade e efici\u00eancia. Semtre Cat\u00a0Piracicaba\u00a0Empregos Diariamente diversas empresas cadastram suas vagas no CAT e\u00a0essas vagas s\u00e3o divulgadas: No site da SEMTRE Painel interno localizado na Recep\u00e7\u00e3o do CAT Nas redes sociais M\u00eddias locais e <\/p>\n","protected":false},"author":1,"featured_media":0,"parent":0,"menu_order":0,"comment_status":"closed","ping_status":"closed","template":"","meta":{"footnotes":""},"class_list":["post-2845","page","type-page","status-publish","hentry"],"aioseo_notices":[],"_links":{"self":[{"href":"https:\/\/www.encontrapiracicaba.com.br\/sobre\/wp-json\/wp\/v2\/pages\/2845","targetHints":{"allow":["GET"]}}],"collection":[{"href":"https:\/\/www.encontrapiracicaba.com.br\/sobre\/wp-json\/wp\/v2\/pages"}],"about":[{"href":"https:\/\/www.encontrapiracicaba.com.br\/sobre\/wp-json\/wp\/v2\/types\/page"}],"author":[{"embeddable":true,"href":"https:\/\/www.encontrapiracicaba.com.br\/sobre\/wp-json\/wp\/v2\/users\/1"}],"replies":[{"embeddable":true,"href":"https:\/\/www.encontrapiracicaba.com.br\/sobre\/wp-json\/wp\/v2\/comments?post=2845"}],"version-history":[{"count":1,"href":"https:\/\/www.encontrapiracicaba.com.br\/sobre\/wp-json\/wp\/v2\/pages\/2845\/revisions"}],"predecessor-version":[{"id":2846,"href":"https:\/\/www.encontrapiracicaba.com.br\/sobre\/wp-json\/wp\/v2\/pages\/2845\/revisions\/2846"}],"wp:attachment":[{"href":"https:\/\/www.encontrapiracicaba.com.br\/sobre\/wp-json\/wp\/v2\/media?parent=2845"}],"curies":[{"name":"wp","href":"https:\/\/api.w.org\/{rel}","templated":true}]}}