{"id":2858,"date":"2018-02-14T20:01:03","date_gmt":"2018-02-14T23:01:03","guid":{"rendered":"http:\/\/www.encontrapiracicaba.com.br\/sobre\/?page_id=2858"},"modified":"2018-02-14T20:01:19","modified_gmt":"2018-02-14T23:01:19","slug":"santa-casa-piracicaba","status":"publish","type":"page","link":"https:\/\/www.encontrapiracicaba.com.br\/sobre\/santa-casa-piracicaba\/","title":{"rendered":"Santa Casa Piracicaba"},"content":{"rendered":"<div class=\"85df007ed5c0c4d4b453fd13a37855e8\" data-index=\"1\" style=\"float: none; margin:0px;\">\n<!-- Anuncio display - global -->\r\n<ins class=\"adsbygoogle\"\r\n     style=\"display:block\"\r\n     data-ad-client=\"ca-pub-8585364105181520\"\r\n     data-ad-slot=\"8789329856\"\r\n     data-ad-format=\"auto\"\r\n     data-full-width-responsive=\"true\"><\/ins>\r\n<script>\r\n     (adsbygoogle = window.adsbygoogle || []).push({});\r\n<\/script>\n<\/div>\n<p>Inaugurada em 1935, a estrutura que abriga o pr\u00e9dio principal da <strong>Santa Casa de Piracicaba<\/strong> \u00e9 de grandes propor\u00e7\u00f5es e dividida em cinco Pavilh\u00f5es de diferentes dimens\u00f5es, interligados por um corredor central. No bloco central, situa-se a entrada principal, coberta por uma pe\u00e7a curva art-nouveau met\u00e1lica e envidra\u00e7ada, arrematada por um front\u00e3o onde l\u00ea-se a ep\u00edgrafe em latim\u00a0<i>\u2018Scientia et Caritas\u2019 e, mais abaixo, \u2018Hospital da Santa Casa de Miseric\u00f3rdia\u2019<\/i>.<\/p>\n<p><img loading=\"lazy\" decoding=\"async\" class=\"alignnone wp-image-2859 size-full\" title=\"Santa Casa Piracicaba\" src=\"https:\/\/www.encontrapiracicaba.com.br\/sobre\/wp-content\/uploads\/santa-casa-piracicaba.gif\" alt=\"Santa Casa Piracicaba\" width=\"680\" height=\"189\" \/><\/p>\n<p>Al\u00e9m de setores administrativos, Unidade de Pronto Atendimento e Departamento de Ortopedia, o pr\u00e9dio da Santa Casa de Piracicaba abriga a Central de Esteriliza\u00e7\u00e3o de Materiais, o Centro Cir\u00fargico, a Maternidade, o Setor de Nutri\u00e7\u00e3o, a Cozinha e o Refeit\u00f3rio do Hospital. Nele funcionam tamb\u00e9m a Pediatria Menino Jesus e as Unidades A, B, C e E, destinadas \u00e0s interna\u00e7\u00f5es cl\u00ednicas e cir\u00fargicas pelo Sistema \u00danico de Sa\u00fade (SUS). Juntas, essas Unidades abrigam os 213 leitos que a Institui\u00e7\u00e3o mant\u00e9m pelo SUS- Sistema \u00danico de Sa\u00fade.<\/p>\n<p>Mais recentemente, a Institui\u00e7\u00e3o incorporou a este complexo hospitalar o pr\u00e9dio que hoje abriga a Unidade de Hemodi\u00e1lise e a UCO- Unidade Coronariana para o atendimento de urg\u00eancias e emerg\u00eancias. A Irmandade mant\u00e9m ainda o EMCOR- Servi\u00e7o de Emerg\u00eancias do Cora\u00e7\u00e3o, o IUP- Instituto de Urologia Cl\u00ednica e a Unidade de Oncologia (CECAN), que funcionam em pr\u00e9dios pr\u00f3prios, localizados na \u00e1rea externa do Hospital.<\/p>\n<h2>Santa Casa\u00a0Piracicaba M\u00e9dicos<\/h2>\n<p>A Santa Casa conta com<em> m\u00e9dicos<\/em> especializados em diversas \u00e1reas de atua\u00e7\u00e3o. Acesse o site e veja quais os m\u00e9dicos fazem parte do quadro do Hospital.<\/p>\n<h3>Hor\u00e1rio de Funcionamento\u00a0Santa Casa de Sa\u00fade em Piracicaba<\/h3>\n<ul>\n<li>Atendimento 24 horas<\/li>\n<\/ul>\n<h3>Endere\u00e7o e Telefone\u00a0Santa Casa\u00a0em Piracicaba<\/h3>\n<ul>\n<li>Av. Independ\u00eancia, 953 &#8211; Piracicaba &#8211; SP<\/li>\n<li>Telefone: (19)\u00a03417-5000<\/li>\n<\/ul>\n<h4>Outras informa\u00e7\u00f5es e site<\/h4>\n<ul>\n<li>Mais informa\u00e7\u00f5es:\u00a0<a href=\"http:\/\/www.santacasadepiracicaba.com.br\" target=\"_blank\" rel=\"noopener noreferrer\">www.santacasadepiracicaba.com.br<\/a><\/li>\n<\/ul>\n<h4>Mapa de localiza\u00e7\u00e3o<\/h4>\n<a class=\"wp-colorbox-iframe\" href=\"https:\/\/www.google.com\/maps\/embed?pb=!1m18!1m12!1m3!1d3679.7532769466293!2d-47.64563188503738!3d-22.737409985098193!2m3!1f0!2f0!3f0!3m2!1i1024!2i768!4f13.1!3m3!1m2!1s0x94c63055244aa54b0x3a203a06c2356813!2sAv.+Independncia+953+-+Alto+Piracicaba+-+SP!5e0!3m2!1spt-BR!2sbr!4v1518648983180\"><img decoding=\"async\" src=\"http:\/\/www.encontrapiracicaba.com.br\/imgs\/maps-post.png\"><\/a>\n\n<div style=\"font-size: 0px; height: 0px; line-height: 0px; margin: 0; padding: 0; clear: both;\"><\/div>","protected":false},"excerpt":{"rendered":"<p>Inaugurada em 1935, a estrutura que abriga o pr\u00e9dio principal da Santa Casa de Piracicaba \u00e9 de grandes propor\u00e7\u00f5es e dividida em cinco Pavilh\u00f5es de diferentes dimens\u00f5es, interligados por um corredor central. No bloco central, situa-se a entrada principal, coberta por uma pe\u00e7a curva art-nouveau met\u00e1lica e envidra\u00e7ada, arrematada por um front\u00e3o onde l\u00ea-se a ep\u00edgrafe em latim\u00a0\u2018Scientia et Caritas\u2019 e, mais abaixo, \u2018Hospital da Santa Casa de Miseric\u00f3rdia\u2019. Al\u00e9m de setores administrativos, Unidade de Pronto Atendimento e Departamento de Ortopedia, o pr\u00e9dio da Santa Casa de Piracicaba abriga a Central de Esteriliza\u00e7\u00e3o de Materiais, o Centro Cir\u00fargico, a Maternidade, <\/p>\n","protected":false},"author":1,"featured_media":0,"parent":0,"menu_order":0,"comment_status":"closed","ping_status":"closed","template":"","meta":{"footnotes":""},"class_list":["post-2858","page","type-page","status-publish","hentry"],"aioseo_notices":[],"_links":{"self":[{"href":"https:\/\/www.encontrapiracicaba.com.br\/sobre\/wp-json\/wp\/v2\/pages\/2858","targetHints":{"allow":["GET"]}}],"collection":[{"href":"https:\/\/www.encontrapiracicaba.com.br\/sobre\/wp-json\/wp\/v2\/pages"}],"about":[{"href":"https:\/\/www.encontrapiracicaba.com.br\/sobre\/wp-json\/wp\/v2\/types\/page"}],"author":[{"embeddable":true,"href":"https:\/\/www.encontrapiracicaba.com.br\/sobre\/wp-json\/wp\/v2\/users\/1"}],"replies":[{"embeddable":true,"href":"https:\/\/www.encontrapiracicaba.com.br\/sobre\/wp-json\/wp\/v2\/comments?post=2858"}],"version-history":[{"count":0,"href":"https:\/\/www.encontrapiracicaba.com.br\/sobre\/wp-json\/wp\/v2\/pages\/2858\/revisions"}],"wp:attachment":[{"href":"https:\/\/www.encontrapiracicaba.com.br\/sobre\/wp-json\/wp\/v2\/media?parent=2858"}],"curies":[{"name":"wp","href":"https:\/\/api.w.org\/{rel}","templated":true}]}}