{"id":2905,"date":"2018-02-22T10:39:48","date_gmt":"2018-02-22T13:39:48","guid":{"rendered":"http:\/\/www.encontrapiracicaba.com.br\/sobre\/?page_id=2905"},"modified":"2018-02-26T21:40:55","modified_gmt":"2018-02-27T00:40:55","slug":"ciretran-piracicaba","status":"publish","type":"page","link":"https:\/\/www.encontrapiracicaba.com.br\/sobre\/ciretran-piracicaba\/","title":{"rendered":"Ciretran Piracicaba"},"content":{"rendered":"<div class=\"85df007ed5c0c4d4b453fd13a37855e8\" data-index=\"1\" style=\"float: none; margin:0px;\">\n<!-- Anuncio display - global -->\r\n<ins class=\"adsbygoogle\"\r\n     style=\"display:block\"\r\n     data-ad-client=\"ca-pub-8585364105181520\"\r\n     data-ad-slot=\"8789329856\"\r\n     data-ad-format=\"auto\"\r\n     data-full-width-responsive=\"true\"><\/ins>\r\n<script>\r\n     (adsbygoogle = window.adsbygoogle || []).push({});\r\n<\/script>\n<\/div>\n<p><span class=\"_Tgc\">A Circunscri\u00e7\u00e3o Regional de Tr\u00e2nsito, conhecida como (Ciretran), \u00e9 \u00f3rg\u00e3o do DETRAN nos munic\u00edpios do interior dos estados, tem a responsabilidade de exigir e impor a obedi\u00eancia e o devido cumprimento da legisla\u00e7\u00e3o de tr\u00e2nsito no \u00e2mbito de sua jurisdi\u00e7\u00e3o.<\/span><\/p>\n<p>\u00c9 do\u00a0<strong>Ciretran Piracicaba<\/strong>\u00a0a responsabilidade fiscalizar, inspecionar e habilitar e prestar servi\u00e7o aos motoristas.<\/p>\n<p><img loading=\"lazy\" decoding=\"async\" class=\"alignnone wp-image-2919 size-full\" title=\"Ciretran Piracicaba\" src=\"https:\/\/www.encontrapiracicaba.com.br\/sobre\/wp-content\/uploads\/ciretran-piracicaba.gif\" alt=\"Ciretran Piracicaba\" width=\"680\" height=\"189\" \/><\/p>\n<h2>Ciretran Consultas<\/h2>\n<p>As consultas pela internet podem ser feitas pelo site do Detran,\u00a0<a href=\"http:\/\/www.encontrasorocaba.com.br\/sobre\/detran-sorocaba\/\" target=\"_blank\" rel=\"noopener noreferrer\">clique aqui<\/a>\u00a0e veja como realizar as consultas desejadas.<\/p>\n<h3>Agendamento para renova\u00e7\u00e3o de CNH<\/h3>\n<p>O Agendamento deve ser realizado por meio do portal interior.e-cnhsp.sp.gov.br ser\u00e1 gerado uma data, hor\u00e1rio e local para comparecimento ao Detran para dar andamento ao processo de renova\u00e7\u00e3o da CNH (Carteira Nacional de Habilita\u00e7\u00e3o).<\/p>\n<p>Al\u00e9m dos servi\u00e7os de habilita\u00e7\u00e3o o Ciretran de\u00a0Piracicaba tamb\u00e9m realiza recursos de multas, transfer\u00eancias de ve\u00edculos, adi\u00e7\u00e3o de categoria, consulta de aulas te\u00f3ricas ou pr\u00e1ticas, primeira habilita\u00e7\u00e3o, renova\u00e7\u00e3o entre outros servi\u00e7os. No mesmo funciona tamb\u00e9m a JARI (Junta administrativa de Recursos e Infla\u00e7\u00f5es) que \u00e9 a respons\u00e1vel pelo questionamento de multas ou recursos de infra\u00e7\u00f5es no tr\u00e2nsito.<\/p>\n<p>\u00c9 na Ciretran que tamb\u00e9m funciona a Delegacia de Tr\u00e2nsito para casos mais graves relacionados a habilita\u00e7\u00e3o, ve\u00edculos ou acidentes. Para tirar alguma d\u00favida voc\u00ea pode procurar o Detran para obter informa\u00e7\u00f5es sobre o seu caso espec\u00edfico.<\/p>\n<p>Alguns servi\u00e7os como consultas, segunda via de habilita\u00e7\u00e3o, atualiza\u00e7\u00e3o de dados entre outros, podem ser realizados por meio do Portal do Detran na internet o que facilita e muito a vida da popula\u00e7\u00e3o. Fa\u00e7a seu cadastro gratuito e tire todas as suas d\u00favidas a respeito da sua habilita\u00e7\u00e3o ou ve\u00edculo.<\/p>\n<h3>Hor\u00e1rio de Atendimento Ciretran em Piracicaba<\/h3>\n<ul>\n<li>De Segunda a Sexta das 8h \u00e0s 18h e ao s\u00e1bados das 8h \u00e0s 13hrs<\/li>\n<\/ul>\n<h3>Endere\u00e7o e Telefone Ciretran em Piracicaba<\/h3>\n<ul>\n<li>R. Juceli Aparecida Sacaro, S\/n &#8211; Jardim California &#8211; Piracicaba &#8211; SP<\/li>\n<li>Telefone: 0300-101-3333<\/li>\n<\/ul>\n<h4>Outras informa\u00e7\u00f5es e site:<\/h4>\n<ul>\n<li>Mais informa\u00e7\u00f5es:\u00a0<a href=\"http:\/\/www.detran.sp.gov.br\" target=\"_blank\" rel=\"noopener noreferrer\">www.detran.sp.gov.br<\/a><\/li>\n<\/ul>\n<h4>Mapa de localiza\u00e7\u00e3o:<\/h4>\n<a class=\"wp-colorbox-iframe\" href=\"https:\/\/www.google.com\/maps\/embed?pb=!1m14!1m8!1m3!1d14715.750486479023!2d-47.6436924!3d-22.7676961!3m2!1i1024!2i768!4f13.1!3m3!1m2!1s0x00xa236a29a0bfbc282!2s13+Ciretran+Detran+Piracicaba!5e0!3m2!1spt-BR!2sbr!4v1519306663917\"><img decoding=\"async\" src=\"http:\/\/www.encontrapiracicaba.com.br\/imgs\/maps-post.png\"><\/a>\n\n<div style=\"font-size: 0px; height: 0px; line-height: 0px; margin: 0; padding: 0; clear: both;\"><\/div>","protected":false},"excerpt":{"rendered":"<p>A Circunscri\u00e7\u00e3o Regional de Tr\u00e2nsito, conhecida como (Ciretran), \u00e9 \u00f3rg\u00e3o do DETRAN nos munic\u00edpios do interior dos estados, tem a responsabilidade de exigir e impor a obedi\u00eancia e o devido cumprimento da legisla\u00e7\u00e3o de tr\u00e2nsito no \u00e2mbito de sua jurisdi\u00e7\u00e3o. \u00c9 do\u00a0Ciretran Piracicaba\u00a0a responsabilidade fiscalizar, inspecionar e habilitar e prestar servi\u00e7o aos motoristas. Ciretran Consultas As consultas pela internet podem ser feitas pelo site do Detran,\u00a0clique aqui\u00a0e veja como realizar as consultas desejadas. Agendamento para renova\u00e7\u00e3o de CNH O Agendamento deve ser realizado por meio do portal interior.e-cnhsp.sp.gov.br ser\u00e1 gerado uma data, hor\u00e1rio e local para comparecimento ao Detran para <\/p>\n","protected":false},"author":1,"featured_media":0,"parent":0,"menu_order":0,"comment_status":"closed","ping_status":"closed","template":"","meta":{"footnotes":""},"class_list":["post-2905","page","type-page","status-publish","hentry"],"aioseo_notices":[],"_links":{"self":[{"href":"https:\/\/www.encontrapiracicaba.com.br\/sobre\/wp-json\/wp\/v2\/pages\/2905","targetHints":{"allow":["GET"]}}],"collection":[{"href":"https:\/\/www.encontrapiracicaba.com.br\/sobre\/wp-json\/wp\/v2\/pages"}],"about":[{"href":"https:\/\/www.encontrapiracicaba.com.br\/sobre\/wp-json\/wp\/v2\/types\/page"}],"author":[{"embeddable":true,"href":"https:\/\/www.encontrapiracicaba.com.br\/sobre\/wp-json\/wp\/v2\/users\/1"}],"replies":[{"embeddable":true,"href":"https:\/\/www.encontrapiracicaba.com.br\/sobre\/wp-json\/wp\/v2\/comments?post=2905"}],"version-history":[{"count":0,"href":"https:\/\/www.encontrapiracicaba.com.br\/sobre\/wp-json\/wp\/v2\/pages\/2905\/revisions"}],"wp:attachment":[{"href":"https:\/\/www.encontrapiracicaba.com.br\/sobre\/wp-json\/wp\/v2\/media?parent=2905"}],"curies":[{"name":"wp","href":"https:\/\/api.w.org\/{rel}","templated":true}]}}