{"id":3009,"date":"2018-03-08T10:28:06","date_gmt":"2018-03-08T13:28:06","guid":{"rendered":"http:\/\/www.encontrapiracicaba.com.br\/sobre\/?page_id=3009"},"modified":"2018-03-08T10:28:14","modified_gmt":"2018-03-08T13:28:14","slug":"caixa-economica-federal-piracicaba","status":"publish","type":"page","link":"https:\/\/www.encontrapiracicaba.com.br\/sobre\/caixa-economica-federal-piracicaba\/","title":{"rendered":"Caixa Econ\u00f4mica Federal Piracicaba"},"content":{"rendered":"<div class=\"85df007ed5c0c4d4b453fd13a37855e8\" data-index=\"1\" style=\"float: none; margin:0px;\">\n<!-- Anuncio display - global -->\r\n<ins class=\"adsbygoogle\"\r\n     style=\"display:block\"\r\n     data-ad-client=\"ca-pub-8585364105181520\"\r\n     data-ad-slot=\"8789329856\"\r\n     data-ad-format=\"auto\"\r\n     data-full-width-responsive=\"true\"><\/ins>\r\n<script>\r\n     (adsbygoogle = window.adsbygoogle || []).push({});\r\n<\/script>\n<\/div>\n<p>A\u00a0<strong>Caixa Econ\u00f4mica Federal Piracicaba<\/strong>\u00a0\u00e9 uma empresa 100% p\u00fablica, e que exerce um papel fundamental no desenvolvimento urbano e da justi\u00e7a social do pa\u00eds, vez que prioriza setores como habita\u00e7\u00e3o, saneamento b\u00e1sico, infraestrutura e presta\u00e7\u00e3o de servi\u00e7os, contribuindo significativamente para melhorar a vida das pessoas, principalmente as de baixa renda.Al\u00e9m disso, ela apoia in\u00fameras atividades art\u00edsticas-culturais, educacionais e desportivas, garantindo um lugar de destaque no dia a dia das pessoas, pois acredita que pode fazer o melhor pelo pa\u00eds e por cada um de seus habitantes.<\/p>\n<p><img loading=\"lazy\" decoding=\"async\" class=\"alignnone wp-image-695 size-full\" title=\"Caixa Econ\u00f4mica Federal Piracicaba\" src=\"http:\/\/www.encontragoiania.com.br\/sobre\/wp-content\/uploads\/2018\/01\/caica-economica-goiania.gif\" alt=\"Caixa Econ\u00f4mica Federal Piracicaba\" width=\"680\" height=\"189\" data-pagespeed-url-hash=\"289043585\" \/><\/p>\n<p>Para seus correntistas, a Caixa\u00a0busca sempre oferecer os melhores servi\u00e7os e op\u00e7\u00f5es de cr\u00e9dito, ajudando-os a concretizar seus sonhos, acumulando conquistas e sucessos em parceria com o povo brasileiro. S\u00f3 um banco com a tradi\u00e7\u00e3o e conhecimento da Caixa para ser a poupan\u00e7a dos brasileiros h\u00e1 mais de 150 anos, e com muitos ainda por vir.<\/p>\n<h2>Hor\u00e1rio de Funcionamento\u00a0Caixa Econ\u00f4mica Federal\u00a0Piracicaba<\/h2>\n<ul>\n<li>Segunda a Sexta das 10h \u00e0s 16h<\/li>\n<\/ul>\n<h3>Endere\u00e7o e Telefone\u00a0Caixa Econ\u00f4mica Federal\u00a0Piracicaba<\/h3>\n<ul>\n<li><strong>Centro: <\/strong>R. S\u00e3o Jos\u00e9, 667\u00a0\u00a0 \u2013\u00a0Telefone: (19)\u00a02105-1900<\/li>\n<li><strong>Alto: <\/strong>Av. Independ\u00eancia, 1961\u00a0\u00a0\u2013\u00a0Telefone: (19)\u00a02105-6450<\/li>\n<li><strong>S\u00e3o Dimas: <\/strong>Av. Carlos Botelho, 274\u00a0 \u2013 Telefone: (19)\u00a02105-6050<\/li>\n<li><strong>Piracicamirim: <\/strong>Av. Dois C\u00f3rregos, 367<strong>\u00a0<\/strong>\u2013 Telefone: (19)\u00a03174-5607<\/li>\n<li><strong>Centro II: <\/strong>R. Morais Barros, 1001\u00a0\u00a0\u2013 Telefone: (19)\u00a03403-1950<\/li>\n<li><strong>Jaragu\u00e1: <\/strong>Av. Dona Jane Concei\u00e7\u00e3o, 1650<strong>\u00a0<\/strong>\u00a0\u2013 Telefone: (19)\u00a03403-6800<\/li>\n<li><strong>Vila Rezende:<\/strong> Av. M\u00e1rio Dedini, 310 -Telefone: (19)\u00a03421-3633<\/li>\n<li><strong>Santa Terezinha: <\/strong>R. Corcovado, 177\u00a0\u2013 Telefone: (19)\u00a03415-9641<\/li>\n<li><strong>Jd Taiguara: <\/strong>R. Corcovado, 131\u00a0\u2013 Telefone: (19)3415-9600<\/li>\n<li><strong>Nova Piracicaba:<\/strong> Av. Maurice Allain, 454\u2013 Telefone: (19)\u00a03413-0615<\/li>\n<\/ul>\n<h4>Outras Informa\u00e7\u00f5es e Site:<\/h4>\n<ul>\n<li>Mais informa\u00e7\u00f5es:\u00a0<a href=\"http:\/\/www.caixa.gov.br\/\" target=\"_blank\" rel=\"noopener noreferrer\">www.caixa.gov.br<\/a><\/li>\n<\/ul>\n<h4>Mapa de localiza\u00e7\u00e3o \u2013 Caixa Econ\u00f4mica Federal S\u00e3o Dimas:<\/h4>\n<a class=\"wp-colorbox-iframe\" href=\"https:\/\/www.google.com\/maps\/embed?pb=!1m18!1m12!1m3!1d3680.2843652099978!2d-47.64130118503786!3d-22.71766958510827!2m3!1f0!2f0!3f0!3m2!1i1024!2i768!4f13.1!3m3!1m2!1s0x94c631a24665e94f0x44743c041d7da469!2sAv.+Carlos+Botelho+274+-+So+Dimas+Piracicaba+-+SP+13416-140!5e0!3m2!1spt-BR!2sbr!4v1520515078496\"><img decoding=\"async\" src=\"http:\/\/www.encontrapiracicaba.com.br\/imgs\/maps-post.png\"><\/a>\n\n<div style=\"font-size: 0px; height: 0px; line-height: 0px; margin: 0; padding: 0; clear: both;\"><\/div>","protected":false},"excerpt":{"rendered":"<p>A\u00a0Caixa Econ\u00f4mica Federal Piracicaba\u00a0\u00e9 uma empresa 100% p\u00fablica, e que exerce um papel fundamental no desenvolvimento urbano e da justi\u00e7a social do pa\u00eds, vez que prioriza setores como habita\u00e7\u00e3o, saneamento b\u00e1sico, infraestrutura e presta\u00e7\u00e3o de servi\u00e7os, contribuindo significativamente para melhorar a vida das pessoas, principalmente as de baixa renda.Al\u00e9m disso, ela apoia in\u00fameras atividades art\u00edsticas-culturais, educacionais e desportivas, garantindo um lugar de destaque no dia a dia das pessoas, pois acredita que pode fazer o melhor pelo pa\u00eds e por cada um de seus habitantes. Para seus correntistas, a Caixa\u00a0busca sempre oferecer os melhores servi\u00e7os e op\u00e7\u00f5es de cr\u00e9dito, ajudando-os <\/p>\n","protected":false},"author":1,"featured_media":0,"parent":0,"menu_order":0,"comment_status":"closed","ping_status":"closed","template":"","meta":{"footnotes":""},"class_list":["post-3009","page","type-page","status-publish","hentry"],"aioseo_notices":[],"_links":{"self":[{"href":"https:\/\/www.encontrapiracicaba.com.br\/sobre\/wp-json\/wp\/v2\/pages\/3009","targetHints":{"allow":["GET"]}}],"collection":[{"href":"https:\/\/www.encontrapiracicaba.com.br\/sobre\/wp-json\/wp\/v2\/pages"}],"about":[{"href":"https:\/\/www.encontrapiracicaba.com.br\/sobre\/wp-json\/wp\/v2\/types\/page"}],"author":[{"embeddable":true,"href":"https:\/\/www.encontrapiracicaba.com.br\/sobre\/wp-json\/wp\/v2\/users\/1"}],"replies":[{"embeddable":true,"href":"https:\/\/www.encontrapiracicaba.com.br\/sobre\/wp-json\/wp\/v2\/comments?post=3009"}],"version-history":[{"count":0,"href":"https:\/\/www.encontrapiracicaba.com.br\/sobre\/wp-json\/wp\/v2\/pages\/3009\/revisions"}],"wp:attachment":[{"href":"https:\/\/www.encontrapiracicaba.com.br\/sobre\/wp-json\/wp\/v2\/media?parent=3009"}],"curies":[{"name":"wp","href":"https:\/\/api.w.org\/{rel}","templated":true}]}}